{"id":308,"date":"2020-01-13T11:17:52","date_gmt":"2020-01-13T11:17:52","guid":{"rendered":"https:\/\/demosites.io\/web-agency-gb\/?page_id=5"},"modified":"2022-09-15T11:46:30","modified_gmt":"2022-09-15T11:46:30","slug":"15c42-web-agency-gb-home","status":"publish","type":"page","link":"https:\/\/mbsbuildings.lu\/","title":{"rendered":"Home"},"content":{"rendered":"\n<div class=\"wp-block-cover alignfull is-light\" style=\"min-height:700px\"><span aria-hidden=\"true\" class=\"wp-block-cover__background has-background-dim-0 has-background-dim\"><\/span><img loading=\"lazy\" width=\"1920\" height=\"1440\" class=\"wp-block-cover__image-background wp-image-392\" alt=\"\" src=\"http:\/\/test.mbsbuildings.lu\/wp-content\/uploads\/2022\/09\/Neons-muller.jpg\" style=\"object-position:50% 64%\" data-object-fit=\"cover\" data-object-position=\"50% 64%\" srcset=\"https:\/\/mbsbuildings.lu\/wp-content\/uploads\/2022\/09\/Neons-muller.jpg 1920w, https:\/\/mbsbuildings.lu\/wp-content\/uploads\/2022\/09\/Neons-muller-300x225.jpg 300w, https:\/\/mbsbuildings.lu\/wp-content\/uploads\/2022\/09\/Neons-muller-1024x768.jpg 1024w, https:\/\/mbsbuildings.lu\/wp-content\/uploads\/2022\/09\/Neons-muller-768x576.jpg 768w, https:\/\/mbsbuildings.lu\/wp-content\/uploads\/2022\/09\/Neons-muller-1536x1152.jpg 1536w\" sizes=\"(max-width: 1920px) 100vw, 1920px\" \/><div class=\"wp-block-cover__inner-container\">\n<div style=\"height:80px\" aria-hidden=\"true\" class=\"wp-block-spacer\"><\/div>\n\n\n\n<div class=\"wp-container-1 is-horizontal is-content-justification-center wp-block-buttons\"><\/div>\n\n\n\n<h2 class=\"has-text-align-center has-nv-site-bg-color has-text-color has-x-large-font-size\">Bienvenu sur le site de MBS buildings SA<\/h2>\n\n\n\n<p class=\"has-text-align-center has-nv-site-bg-color has-nv-dark-bg-background-color has-text-color has-background\">MBS Buildings SA est une soci\u00e9t\u00e9 sp\u00e9cialis\u00e9e dans la construction de b\u00e2timents industriels.<\/p>\n\n\n\n<div style=\"height:80px\" aria-hidden=\"true\" class=\"wp-block-spacer\"><\/div>\n<\/div><\/div>\n\n\n\n<div class=\"wp-block-cover alignfull\" style=\"min-height:600px\"><span aria-hidden=\"true\" class=\"wp-block-cover__background has-nv-light-bg-background-color has-background-dim-100 has-background-dim\"><\/span><div class=\"wp-block-cover__inner-container\">\n<div class=\"wp-container-6 wp-block-group\"><div class=\"wp-block-group__inner-container\">\n<div style=\"height:80px\" aria-hidden=\"true\" class=\"wp-block-spacer\"><\/div>\n\n\n\n<div class=\"wp-container-5 wp-block-columns are-vertically-aligned-center\">\n<div class=\"wp-container-2 wp-block-column is-vertically-aligned-center\" style=\"flex-basis:50%\">\n<figure class=\"wp-block-image size-large\"><img loading=\"lazy\" width=\"1024\" height=\"768\" src=\"http:\/\/test.mbsbuildings.lu\/wp-content\/uploads\/2022\/09\/IMG_3801a-1024x768.jpg\" alt=\"\" class=\"wp-image-368\" srcset=\"https:\/\/mbsbuildings.lu\/wp-content\/uploads\/2022\/09\/IMG_3801a-1024x768.jpg 1024w, https:\/\/mbsbuildings.lu\/wp-content\/uploads\/2022\/09\/IMG_3801a-300x225.jpg 300w, https:\/\/mbsbuildings.lu\/wp-content\/uploads\/2022\/09\/IMG_3801a-768x576.jpg 768w, https:\/\/mbsbuildings.lu\/wp-content\/uploads\/2022\/09\/IMG_3801a-1536x1152.jpg 1536w, https:\/\/mbsbuildings.lu\/wp-content\/uploads\/2022\/09\/IMG_3801a-2048x1536.jpg 2048w\" sizes=\"(max-width: 1024px) 100vw, 1024px\" \/><\/figure>\n<\/div>\n\n\n\n<div class=\"wp-container-4 wp-block-column is-vertically-aligned-center\" style=\"flex-basis:50%\">\n<div style=\"height:20px\" aria-hidden=\"true\" class=\"wp-block-spacer\"><\/div>\n\n\n\n<p class=\"has-text-align-left has-neve-text-color-color has-text-color\" style=\"font-size:17px\">Fort de son exp\u00e9rience de plus de 400 b\u00e2timents, MBS Buildings SA peut vous accompagner pour une construction en \u2018\u2019clos ferm\u00e9\u2019\u2019 ou pour une construction en \u2018\u2019cl\u00e9s en main\u2019\u2019.<\/p>\n\n\n\n<div class=\"wp-container-3 is-horizontal is-content-justification-left wp-block-buttons\"><\/div>\n<\/div>\n<\/div>\n\n\n\n<div style=\"height:40px\" aria-hidden=\"true\" class=\"wp-block-spacer\"><\/div>\n<\/div><\/div>\n<\/div><\/div>\n\n\n\n<div class=\"wp-block-cover alignfull\" style=\"min-height:600px\"><span aria-hidden=\"true\" class=\"wp-block-cover__background has-nv-site-bg-background-color has-background-dim-100 has-background-dim\"><\/span><div class=\"wp-block-cover__inner-container\">\n<div class=\"wp-container-11 wp-block-group\"><div class=\"wp-block-group__inner-container\">\n<div style=\"height:80px\" aria-hidden=\"true\" class=\"wp-block-spacer\"><\/div>\n\n\n\n<div class=\"wp-container-10 wp-block-columns are-vertically-aligned-center\">\n<div class=\"wp-container-8 wp-block-column is-vertically-aligned-center\" style=\"flex-basis:50%\">\n<p class=\"has-text-align-left has-neve-text-color-color has-text-color\" style=\"font-size:17px\">La soci\u00e9t\u00e9 r\u00e9alise des b\u00e2timents bureautiques \u00e0 multi-\u00e9tages, des b\u00e2timents d\u2019entreprises, des halls de stockage, des parkings a\u00e9riens multi-\u00e9tages, des stations-services,\u2026.<\/p>\n\n\n\n<div class=\"wp-container-7 is-horizontal is-content-justification-left wp-block-buttons\"><\/div>\n\n\n\n<div style=\"height:40px\" aria-hidden=\"true\" class=\"wp-block-spacer\"><\/div>\n<\/div>\n\n\n\n<div class=\"wp-container-9 wp-block-column is-vertically-aligned-center\" style=\"flex-basis:50%\">\n<figure class=\"wp-block-image size-large\"><img loading=\"lazy\" width=\"1024\" height=\"741\" src=\"http:\/\/test.mbsbuildings.lu\/wp-content\/uploads\/2022\/09\/Rak-1-1024x741.png\" alt=\"\" class=\"wp-image-360\" srcset=\"https:\/\/mbsbuildings.lu\/wp-content\/uploads\/2022\/09\/Rak-1-1024x741.png 1024w, https:\/\/mbsbuildings.lu\/wp-content\/uploads\/2022\/09\/Rak-1-300x217.png 300w, https:\/\/mbsbuildings.lu\/wp-content\/uploads\/2022\/09\/Rak-1-768x556.png 768w, https:\/\/mbsbuildings.lu\/wp-content\/uploads\/2022\/09\/Rak-1.png 1027w\" sizes=\"(max-width: 1024px) 100vw, 1024px\" \/><\/figure>\n<\/div>\n<\/div>\n\n\n\n<div style=\"height:40px\" aria-hidden=\"true\" class=\"wp-block-spacer\"><\/div>\n<\/div><\/div>\n<\/div><\/div>\n\n\n\n<div class=\"wp-block-cover alignfull\" style=\"min-height:600px\"><span aria-hidden=\"true\" class=\"wp-block-cover__background has-nv-dark-bg-background-color has-background-dim-100 has-background-dim\"><\/span><div class=\"wp-block-cover__inner-container\">\n<div class=\"wp-container-16 wp-block-group\"><div class=\"wp-block-group__inner-container\">\n<div style=\"height:80px\" aria-hidden=\"true\" class=\"wp-block-spacer\"><\/div>\n\n\n\n<div class=\"wp-container-15 wp-block-columns are-vertically-aligned-center\">\n<div class=\"wp-container-12 wp-block-column is-vertically-aligned-center\" style=\"flex-basis:50%\">\n<figure class=\"wp-block-image size-large\"><img loading=\"lazy\" width=\"1024\" height=\"768\" src=\"http:\/\/test.mbsbuildings.lu\/wp-content\/uploads\/2022\/09\/Flowey-1-1024x768.jpg\" alt=\"\" class=\"wp-image-358\" srcset=\"https:\/\/mbsbuildings.lu\/wp-content\/uploads\/2022\/09\/Flowey-1-1024x768.jpg 1024w, https:\/\/mbsbuildings.lu\/wp-content\/uploads\/2022\/09\/Flowey-1-300x225.jpg 300w, https:\/\/mbsbuildings.lu\/wp-content\/uploads\/2022\/09\/Flowey-1-768x576.jpg 768w, https:\/\/mbsbuildings.lu\/wp-content\/uploads\/2022\/09\/Flowey-1-1536x1152.jpg 1536w, https:\/\/mbsbuildings.lu\/wp-content\/uploads\/2022\/09\/Flowey-1.jpg 2016w\" sizes=\"(max-width: 1024px) 100vw, 1024px\" \/><\/figure>\n<\/div>\n\n\n\n<div class=\"wp-container-14 wp-block-column is-vertically-aligned-center\" style=\"flex-basis:50%\">\n<div style=\"height:40px\" aria-hidden=\"true\" class=\"wp-block-spacer\"><\/div>\n\n\n\n<p class=\"has-text-align-left has-nv-text-dark-bg-color has-text-color\" style=\"font-size:17px\">Charpente m\u00e9tallique, \u00e9l\u00e9ments b\u00e9ton ou mixte, nous pouvons concevoir et construire votre b\u00e2timent avec la meilleure approche \u00e9conomique.<\/p>\n\n\n\n<div class=\"wp-container-13 is-horizontal is-content-justification-left wp-block-buttons\"><\/div>\n<\/div>\n<\/div>\n\n\n\n<div style=\"height:50px\" aria-hidden=\"true\" class=\"wp-block-spacer\"><\/div>\n<\/div><\/div>\n<\/div><\/div>\n\n\n\n<div class=\"wp-block-cover alignfull\" style=\"min-height:420px\"><span aria-hidden=\"true\" class=\"wp-block-cover__background has-nv-light-bg-background-color has-background-dim-100 has-background-dim\"><\/span><div class=\"wp-block-cover__inner-container\">\n<div style=\"height:80px\" aria-hidden=\"true\" class=\"wp-block-spacer\"><\/div>\n\n\n\n<div class=\"wp-container-18 wp-block-columns\">\n<div class=\"wp-container-17 wp-block-column ticss-a5b4df29\">\n<p class=\"has-text-align-left has-neve-text-color-color has-text-color\">Exp\u00e9rience, professionnalisme, flexibilit\u00e9 \u2026.<\/p>\n\n\n\n<p class=\"has-neve-text-color-color has-text-color\"><strong>MBS Buildings SA peut devenir la solution pour la construction de votre b\u00e2timent.<\/strong><\/p>\n\n\n\n<div style=\"height:20px\" aria-hidden=\"true\" class=\"wp-block-spacer\"><\/div>\n<\/div>\n<\/div>\n\n\n\n<div style=\"height:30px\" aria-hidden=\"true\" class=\"wp-block-spacer\"><\/div>\n<\/div><\/div>\n\n\n\n<div class=\"wp-block-cover alignfull\" style=\"min-height:300px\"><span aria-hidden=\"true\" class=\"wp-block-cover__background has-nv-dark-bg-background-color has-background-dim-100 has-background-dim\"><\/span><div class=\"wp-block-cover__inner-container\">\n<div style=\"height:140px\" aria-hidden=\"true\" class=\"wp-block-spacer\"><\/div>\n\n\n\n<div class=\"wp-container-19 is-horizontal is-content-justification-center wp-block-buttons\"><\/div>\n\n\n\n<div class=\"wp-container-20 is-content-justification-center wp-block-buttons\">\n<div class=\"wp-block-button is-style-primary\"><a class=\"wp-block-button__link\" href=\"https:\/\/mbsbuildings.lu\/?page_id=75\">Contactez-nous<\/a><\/div>\n<\/div>\n\n\n\n<div style=\"height:140px\" aria-hidden=\"true\" class=\"wp-block-spacer\"><\/div>\n<\/div><\/div>\n","protected":false},"excerpt":{"rendered":"","protected":false},"author":1,"featured_media":0,"parent":0,"menu_order":0,"comment_status":"closed","ping_status":"closed","template":"","meta":{"neve_meta_sidebar":"default","neve_meta_container":"default","neve_meta_enable_content_width":"on","neve_meta_content_width":100,"neve_meta_title_alignment":"","neve_meta_author_avatar":"","neve_post_elements_order":"","neve_meta_disable_header":"","neve_meta_disable_footer":"","neve_meta_disable_title":"on","_ti_tpc_template_sync":false,"_ti_tpc_template_id":"cwhkd9lki581rusuhjti"},"_links":{"self":[{"href":"https:\/\/mbsbuildings.lu\/index.php?rest_route=\/wp\/v2\/pages\/308"}],"collection":[{"href":"https:\/\/mbsbuildings.lu\/index.php?rest_route=\/wp\/v2\/pages"}],"about":[{"href":"https:\/\/mbsbuildings.lu\/index.php?rest_route=\/wp\/v2\/types\/page"}],"author":[{"embeddable":true,"href":"https:\/\/mbsbuildings.lu\/index.php?rest_route=\/wp\/v2\/users\/1"}],"replies":[{"embeddable":true,"href":"https:\/\/mbsbuildings.lu\/index.php?rest_route=%2Fwp%2Fv2%2Fcomments&post=308"}],"version-history":[{"count":7,"href":"https:\/\/mbsbuildings.lu\/index.php?rest_route=\/wp\/v2\/pages\/308\/revisions"}],"predecessor-version":[{"id":409,"href":"https:\/\/mbsbuildings.lu\/index.php?rest_route=\/wp\/v2\/pages\/308\/revisions\/409"}],"wp:attachment":[{"href":"https:\/\/mbsbuildings.lu\/index.php?rest_route=%2Fwp%2Fv2%2Fmedia&parent=308"}],"curies":[{"name":"wp","href":"https:\/\/api.w.org\/{rel}","templated":true}]}}